 remainder when s(-5) is divided by 14.
11
Let s(c) = -25*c**3 + 2*c**2 + c + 1. Calculate the remainder when s(-1) is divided by 10.
7
Let s be 3/((-6)/(-8)) - -1. Suppose 53 = 3*c - 4*z, -s*c - 7*z + 3*z + 99 = 0. What is the remainder when 55 is divided by c?
17
Let g(c) = -4*c - 9. What is the remainder when g(-10) is divided by 17?
14
Let x = -43 + 68. Suppose 0 = -2*z - r - 0*r + 3, 3*z = 3*r - 9. Suppose 27 = 3*t - z*t. Calculate the remainder when x is divided by t.
7
Suppose 2*j + 24 = 6*j + 2*r, j - 4 = -r. Calculate the remainder when j is divided by 6.
2
Let u = 7 + 10. What is the remainder when 45 is divided by u?
11
Let j be 3/(-6)*(1 + -1). Calculate the remainder when 49 is divided by 26 - (-1 + j + 2).
24
Let p(u) = u**3 - 7*u**2 - 3*u - 6. Calculate the remainder when p(8) is divided by 12.
10
Let g be (-6)/(-8) - (-39)/12. Suppose 2*x + 21 = 73. Calculate the remainder when x is divided by 4*g/48*21.
5
Suppose -257 = -5*x - 3*y, -x - 5*y = 20 - 67. Let t(z) = 6*z - 43. Calculate the remainder when x is divided by t(9).
8
Let w(d) = -2*d. Let x(q) = 2*q**2 + 2*q + 5. Calculate the remainder when x(-4) is divided by w(-4).
5
Suppose 4 + 50 = p. Suppose 160 - 272 = -8*m. What is the remainder when p is divided by m?
12
Let o be (-3 + 1)*2/4. Let n(j) = 12*j**2 + j. Calculate the remainder when 20 is divided by n(o).
9
Let n(u) = 2*u - 7. Suppose 0*l - 4*l + 20 = 0. Suppose -5*c = 3*q - 0*c - 18, 2*q = 5*c - 13. Calculate the remainder when n(l) is divided by q.
0
Suppose -2*v + 113 = 5*p - 0*v, 0 = -3*v + 12. What is the remainder when p is divided by (4/5)/(20/150)?
3
Let y be 1/(-4) - (-3227)/28. Suppose 5*q + 5*u - y = 0, -4*q - u + 94 = 2*u. What is the remainder when q is divided by 9?
7
Let q(c) = -12*c + 5. Let m be -1 + -1 + 3 - 4. What is the remainder when q(m) is divided by 1/3 + 82/6?
13
Suppose 0 = -4*u + u. Suppose u*f = 5*f - 65. Suppose 0 = 4*a - 49 - 99. What is the remainder when a is divided by f?
11
Let o(j) = 7*j**3 + 3*j**2 - j + 2. What is the remainder when o(2) is divided by 10?
8
Let c = 9 + -5. Suppose -3*t + 647 = 5*z - 0*t, 0 = -c*t - 4. Suppose 5*d - z = 25. Calculate the remainder when d is divided by 11.
9
Suppose -5*j - 24 = 4*d, -2*d = -5*j + 1 - 19. Let n = d - -18. Suppose 2*a - 264 = -2*a. Calculate the remainder when a is divided by n.
15
Let l(w) = -w**2 + 6*w + 7. Let i be l(6). Suppose -4*y - 3 = -2*q + 1, -3*y = q - i. What is the remainder when 31 is divided by (y/2)/(1/22)?
9
Let c = -2 - -11. Let w be 138/9 + (-3)/9. Suppose -2*i - i = -w. What is the remainder when c is divided by i?
4
Suppose 1 = 3*t - 8. Let c = t - 2. Calculate the remainder when 23 is divided by 295/25 + c/5.
11
What is the remainder when 226/10 + 8/20 is divided by 8?
7
Suppose 3 = -x + 3*b, -4*x + 5*b = -5*x + 21. Suppose x*o = 2*o + 76. What is the remainder when 56 is divided by o?
18
Let v(z) = -z + 27. Calculate the remainder when v(8) is divided by 7.
5
Let j(v) = v - 7. Let c be j(11). Suppose -2*s + c*s = 28. Calculate the remainder when 25 is divided by s.
11
Let y(g) = -g**3 - 4*g**2 - 5*g - 5. What is the remainder when y(-5) is divided by 1 + 7 - 7/(35/(-20))?
9
Suppose 4*a = -0*a. Suppose a = -4*s + 67 - 7. What is the remainder when 57 is divided by s?
12
Suppose 2*q + 2*x = -2*x + 60, 0 = -q + 3*x + 10. Suppose q = 4*t - 6. What is the remainder when 26 is divided by t?
5
Let q = 6 - -15. What is the remainder when 83 is divided by q?
20
Let x(t) = t**2 + 6*t - 23. Calculate the remainder when x(6) is divided by 13.
10
Let h = -35 - -19. Let c = h - -24. What is the remainder when 15 is divided by c?
7
Calculate the remainder when (-1845)/(-36) - (-1)/(-4) is divided by 27.
24
What is the remainder when 23 is divided by 8 + (-12)/4 - -4?
5
Let l = 64 - 46. Let s = l - 13. What is the remainder when 41 is divided by (-85)/(-4) - s/20?
20
Let r(p) = -p**2 + 8*p + 3. Calculate the remainder when 57 is divided by r(7).
7
Suppose -4*u = 12, -5*u + 9 = 3*k - 3. What is the remainder when k is divided by (1 - 1 - -4) + 1?
4
Let j be (-8)/5*(-5)/2. Suppose j*a + 5*z - 168 = 0, -5*a + 254 = -z + 44. What is the remainder when a is divided by 15?
12
Let d = 91 - 26. Calculate the remainder when d is divided by 17.
14
Let i(a) = a**2 + 4*a + 2. Let f(v) = -v**2 - 9*v - 5. Let x(s) = 2*f(s) + 5*i(s). Suppose 5*d - 1 = 29. Calculate the remainder when x(2) is divided by d.
4
Suppose -4*b + 11 = 43. Let a = b - -39. Let f(w) = w + 3. Calculate the remainder when a is divided by f(5).
7
Suppose 33 = -5*q + 138. Let p be (-7)/(-1)*(-48)/14. Let w = -13 - p. Calculate the remainder when q is divided by w.
10
What is the remainder when 140/6 - 2/6 is divided by (-50)/(-4) - 1/2?
11
Let u be (1 - (-6)/(-3))*2. Calculate the remainder when (2/(-1) - u) + 2 is divided by ((-12)/9 - -2)*3.
0
Let i be ((-3)/5)/(1/(-25)). Let l = i - 5. Calculate the remainder when l is divided by ((-6)/5)/((-2)/10).
4
Let z(j) = -j**2 + 14. Suppose 0 = -6*a + a. Calculate the remainder when 24 is divided by z(a).
10
Let l(m) = -3*m - 9. Suppose -7 = -5*o + 6*o. What is the remainder when 46 is divided by l(o)?
10
Suppose -6 + 2 = -2*c. Let n(l) = 2*l**2 - 3*l + 2. Let p be n(2). Suppose -p*r = -0*r - 8. Calculate the remainder when c is divided by r.
0
Let u be (-12)/(-42) + (-4)/14. Suppose u = p - s + 3, -s + 2*s = -4*p + 8. What is the remainder when 2 is divided by (4/12)/(p/3)?
0
Suppose 2*n - 4 = -l - 3, -5*n = -l - 6. Suppose 2*j + 156 = 5*j. Calculate the remainder when j is divided by n/(-2)*3*-12.
16
Suppose o + c + 205 = 6*o, 4*o = c + 164. What is the remainder when o is divided by 11?
8
Let d be (2/2)/((-2)/4). What is the remainder when d/(-7) - 318/(-14) is divided by 12 + -5 + 1 - -4?
11
Let c = -44 + 72. Suppose y - c = -3*y. Suppose p - 3*v = -y*v + 16, 3*p = -4*v + 24. Calculate the remainder when 6 is divided by p.
2
Suppose 3*t + 4*w + 3 = 4*t, -4*t + 5*w = -12. Calculate the remainder when 4 is divided by t.
1
Let c = 13 + -23. What is the remainder when 0 + (1 - (0 - 14)) is divided by 2 + -3 - c - 1?
7
Suppose -44 = f - 5*f. Let b(g) = -g. Let m be b(-1). Calculate the remainder when 41 - 0 - (m - 2) is divided by f.
9
Suppose -4*o = 3*a, 5*o + 31 = -0*a + 4*a. What is the remainder when 16 is divided by a?
0
Let n(l) = 2*l**2 + l - 5. What is the remainder when n(-4) is divided by 12?
11
Suppose 3*b + 331 - 82 = 2*l, -2*l + 248 = -4*b. Calculate the remainder when l is divided by 43.
40
Suppose -3*q + 26 = -2*p - 55, -3*p = -q + 34. Calculate the remainder when q is divided by 7.
4
Suppose x = 2*f + 16, 3*x + 2*f = 4*f + 40. Let y be (14/(-6) + -2)*9. Let l = -5 - y. What is the remainder when l is divided by x?
10
Suppose -4*y + 41 = -0*c - c, -y + c + 14 = 0. What is the remainder when 115 is divided by y?
7
Suppose 12 = 4*r - 44. Calculate the remainder when r is divided by 3.
2
Calculate the remainder when 7 + 110/(-15) - 25/(-3) is divided by 2.
0
Calculate the remainder when (-2)/(6/15)*-4 is divided by 12.
8
Let r = 4 + -3. Suppose -d + j + r - 2 = 0, -3*d + 7 = -j. Suppose -w = 5*c + 9, -w + d*c = 4*w - 42. What is the remainder when 10 is divided by w?
4
Let m(u) be the first derivative of -u**2 - 9*u + 2. What is the remainder when 25 is divided by m(-11)?
12
Suppose -13 = -2*f + 25. Let j = f - -9. Calculate the remainder when j is divided by 10.
8
Let t(k) = k. Suppose 38 = 4*f - 2. Suppose 5*c - 30 - f = 0. What is the remainder when t(c) is divided by 3?
2
Let q(m) = -6*m + m - m. Suppose -4*b - 1 - 1 = -3*a, 4*b = 5*a + 2. Calculate the remainder when 23 is divided by q(a).
11
Suppose -79*u = -83*u + 36. Calculate the remainder when 44 is divided by u.
8
Suppose -8*l = l - 207. Calculate the remainder when 66 is divided by l.
20
Let z = -5 + 10. Suppose -2*s + 15 = 3*h, -z*s - 3 + 15 = -h. Suppose -4*v + 60 = h*y, -3*y + 34 - 10 = v. Calculate the remainder when 22 is divided by v.
10
Suppose 3*v + 6 = -3*a, -8 = -4*a + v + 9. Calculate the remainder when a/(-3)*1 + 26 is divided by 9.
7
Suppose 3*f + 2*f = 2*j - 20, 0 = 5*f - j + 15. Let h be 136/2 + f/(-1). Suppose -b = b - h. Calculate the remainder when b is divided by 12.
11
Suppose 0 + 6 = 2*t. Let g = 10 + t. Calculate the remainder 